d 7175797?
109
Calculate the greatest common factor of 30998216 and 116.
116
What is the highest common divisor of 89383064 and 8?
8
What is the highest common divisor of 4710 and 407419710?
4710
Calculate the greatest common divisor of 1317 and 184292639.
439
Calculate the greatest common divisor of 19723436 and 211.
211
Calculate the highest common divisor of 405158520 and 1560.
1560
What is the greatest common factor of 37264 and 13696?
16
What is the greatest common factor of 21322328 and 8?
8
What is the highest common factor of 48 and 3797916?
12
What is the greatest common divisor of 1128 and 587880?
24
What is the greatest common divisor of 410 and 594436860?
410
Calculate the highest common divisor of 8892 and 31029489.
171
Calculate the highest common divisor of 177780 and 1045980.
60
Calculate the greatest common divisor of 77010 and 19074.
102
What is the greatest common divisor of 3015 and 366084315?
3015
Calculate the highest common factor of 13408 and 253024.
32
Calculate the greatest common divisor of 39918134 and 188.
94
Calculate the highest common factor of 26 and 143074061.
13
What is the highest common factor of 377979 and 98336?
3073
Calculate the greatest common divisor of 4464 and 560108.
124
What is the highest common divisor of 16684476 and 18?
6
What is the greatest common factor of 115589700 and 5850?
450
Calculate the highest common divisor of 11482032 and 1376.
688
Calculate the greatest common divisor of 17316 and 17204408.
1924
What is the greatest common divisor of 13676325 and 12948?
3237
What is the highest common factor of 570685 and 546830?
1835
Calculate the greatest common factor of 229825 and 232678.
317
Calculate the greatest common divisor of 37801 and 32651.
103
Calculate the greatest common factor of 336985 and 8954.
121
Calculate the greatest common divisor of 786784 and 42688.
736
Calculate the highest common factor of 319678830 and 27.
9
What is the greatest common divisor of 5993 and 27014?
13
Calculate the greatest common factor of 19614713 and 1289.
1289
What is the highest common factor of 32 and 1930747296?
32
Calculate the greatest common divisor of 2238 and 494694.
6
Calculate the greatest common divisor of 5104 and 30712624.
464
Calculate the highest common factor of 4425636 and 2220.
12
Calculate the greatest common divisor of 87600 and 57776.
16
What is the highest common divisor of 22 and 25857942?
22
Calculate the highest common factor of 5786 and 1619252602.
5786
Calculate the greatest common factor of 266 and 1735270.
38
Calculate the greatest common factor of 82 and 20464.
2
Calculate the greatest common factor of 5656270 and 214490.
2410
Calculate the greatest common divisor of 101329 and 107.
107
Calculate the greatest common factor of 410 and 18656230.
410
Calculate the greatest common divisor of 2568967 and 467.
467
What is the highest common divisor of 1296 and 11343888?
1296
What is the greatest common factor of 337768 and 904?
8
Calculate the highest common factor of 33371448 and 1188.
132
Calculate the highest common factor of 404 and 7263314.
202
Calculate the greatest common factor of 248087 and 865529.
427
Calculate the highest common divisor of 744984 and 1947024.
216
Calculate the greatest common divisor of 17 and 549491.
17
Calculate the greatest common divisor of 1835675 and 1610305.
3635
What is the greatest common factor of 10 and 52311970?
10
What is the greatest common divisor of 1565672 and 24?
8
Calculate the highest common factor of 5014 and 52403821.
2507
Calculate the highest common factor of 112 and 39797436.
28
What is the highest common factor of 76491888 and 9972?
3324
What is the highest common factor of 11118 and 830994?
102
What is the highest common factor of 21304 and 9248?
8
Calculate the highest common factor of 270 and 7350810.
30
Calculate the greatest common divisor of 3904731 and 18.
9
What is the highest common factor of 12798335 and 44?
11
Calculate the greatest common factor of 7480 and 2355826.
374
What is the greatest common factor of 70 and 157394580?
70
Calculate the greatest common factor of 46 and 168802704.
46
What is the highest common divisor of 27785696 and 88736?
1888
Calculate the highest common divisor of 20435324 and 13888.
868
Calculate the highest common factor of 248 and 2162496.
8
What is the greatest common divisor of 136 and 9503?
17
Calculate the greatest common factor of 3591 and 1766905.
133
What is the highest common divisor of 238 and 34084201?
17
Calculate the greatest common factor of 28660 and 516980.
20
Calculate the greatest common divisor of 161418325 and 25.
25
Calculate the highest common divisor of 4950 and 205596.
18
Calculate the greatest common factor of 5640471 and 174.
87
What is the highest common divisor of 2485604 and 134640?
748
What is the greatest common divisor of 520380 and 5978?
98
What is the highest common factor of 2258 and 950850574?
2258
Calculate the highest common factor of 1061928 and 36456.
1176
Calculate the greatest common factor of 4104108 and 1134.
162
Calculate the greatest common divisor of 3256365 and 75.
15
What is the highest common divisor of 462 and 17086727?
7
What is the greatest common divisor of 68 and 15567070?
34
What is the greatest common divisor of 1462 and 26960402?
34
What is the highest common factor of 115855 and 132685?
85
Calculate the greatest common factor of 200013087 and 87.
87
What is the greatest common factor of 55910460 and 1635?
1635
What is the greatest common divisor of 102 and 280040184?
102
Calculate the greatest common divisor of 11746011 and 113.
113
What is the greatest common divisor of 14 and 11511122?
14
What is the greatest common divisor of 127 and 45156755?
127
What is the greatest common factor of 25971784 and 4370?
874
What is the greatest common factor of 120212835 and 23?
23
Calculate the greatest common divisor of 126 and 63138614.
14
What is the highest common factor of 26965450 and 250?
50
What is the highest common divisor of 6440 and 370070?
230
What is the greatest common factor of 264 and 230688?
24
Calculate the greatest common factor of 696090 and 120.
30
What is the highest common factor of 31502331 and 459?
27
What is the greatest common factor of 812526 and 21450?
858
Calculate the greatest common factor of 18670792 and 518.
518
What is the greatest common factor of 726 and 8849577?
363
What is the highest common divisor of 4308 and 6223476?
12
Calculate the highest common divisor of 11525917 and 13.
13
Calculate the highest common divisor of 24961980 and 132.
12
Calculate the highest common factor of 2616138 and 1383480.
1134
Calculate the highest common divisor of 308 and 50034369.
77
What is the greatest common factor of 199992204 and 36?
36
Calculate the greatest common factor of 252448 and 50464.
32
What is the greatest common divisor of 10 and 86864990?
10
What is the highest common divisor of 64750 and 591500?
1750
What is the highest common factor of 9151824 and 396?
132
What is the highest common factor of 318464 and 8896?
64
What is the highest common divisor of 97219160 and 4600?
920
What is the greatest common factor of 3938418247 and 3347?
3347
Calculate the highest common factor of 5005 and 414960.
455
What is the highest common divisor of 255 and 1037985?
15
Calculate the highest common divisor of 41940 and 16980.
60
What is the greatest common factor of 11059494 and 86862?
2802
What is the greatest common divisor of 1080 and 433883160?
360
What is the greatest common factor of 2691136 and 4508?
28
What is the greatest common factor of 66043 and 3968527?
313
What is the greatest common factor of 19604 and 4925505?
4901
Calculate the highest common divisor of 918 and 59951214.
306
What is the highest common factor of 14 and 1327102?
14
What is the highest common divisor of 28 and 792148?
28
What is the highest common divisor of 332831345 and 63?
7
What is the greatest common factor of 6200 and 10121400?
200
Calculate the highest common divisor of 1710 and 158336690.
190
What is the highest common divisor of 100461972 and 834?
834
What is the highest common divisor of 258 and 2238709?
43
Calculate the highest common divisor of 3385 and 2084483.
677
Calculate the highest common factor of 117719 and 6585236